{"id":10000,"date":"2025-11-02T17:22:14","date_gmt":"2025-11-02T17:22:14","guid":{"rendered":"https:\/\/meu.delivery\/home\/?page_id=10000"},"modified":"2025-11-21T01:47:29","modified_gmt":"2025-11-21T01:47:29","slug":"utilitarios","status":"publish","type":"page","link":"https:\/\/meu.delivery\/home\/utilitarios\/","title":{"rendered":"Utilit\u00e1rios"},"content":{"rendered":"\t\t<div data-elementor-type=\"wp-page\" data-elementor-id=\"10000\" class=\"elementor elementor-10000\" data-elementor-post-type=\"page\">\n\t\t\t\t        <section class=\"elementor-section elementor-top-section elementor-element elementor-element-d92fe7f elementor-section-stretched elementor-section-boxed elementor-section-height-default elementor-section-height-default pxl-type-header-none pxl-bg-color-none pxl-row-scroll-none\" data-id=\"d92fe7f\" data-element_type=\"section\" data-e-type=\"section\" data-settings=\"{&quot;background_background&quot;:&quot;classic&quot;,&quot;stretch_section&quot;:&quot;section-stretched&quot;}\">\n\n                \n                <div class=\"elementor-container elementor-column-gap-default \">\n                <div class=\"elementor-column elementor-col-100 elementor-top-column elementor-element elementor-element-4ff4c52f pxl_section_offset-none pxl-container-width-container-1200 pxl-col-none pxl-column-none\" data-id=\"4ff4c52f\" data-element_type=\"column\" data-e-type=\"column\">\r\n        <div class=\"elementor-widget-wrap elementor-element-populated\">\r\n                     \r\n        \t\t<div class=\"elementor-element elementor-element-428c28c elementor-widget elementor-widget-pxl_heading\" data-id=\"428c28c\" data-element_type=\"widget\" data-e-type=\"widget\" data-widget_type=\"pxl_heading.default\">\n\t\t\t\t<div class=\"elementor-widget-container\">\n\t\t\t\t\t<div class=\"pxl-heading\">\n\t<div class=\"pxl-heading--inner\">\n\t\t<div class=\"wrap-icon\">\n                                        <div class=\"pxl-item--icon\">\n                    <img fetchpriority=\"high\" decoding=\"async\" width=\"456\" height=\"174\" src=\"https:\/\/meu.delivery\/home\/wp-content\/uploads\/2022\/09\/mdlogo2.png\" class=\"attachment-full\" alt=\"\" srcset=\"https:\/\/meu.delivery\/home\/wp-content\/uploads\/2022\/09\/mdlogo2.png 456w, https:\/\/meu.delivery\/home\/wp-content\/uploads\/2022\/09\/mdlogo2-300x114.png 300w\" sizes=\"(max-width: 456px) 100vw, 456px\" \/>                <\/div>\n                    <\/div>\n\t\t\t\t\t<div class=\"pxl-item--subtitle  \" data-wow-delay=\"ms\">\n\t\t\t\t<div class=\"wrap-subtitle\">\n\t\t\t\t\t<span>AREA EM DESENVOLVIMENTO - FIQUE DE OLHO<\/span>\n\t\t\t\t<\/div>\n\t\t\t<\/div>\n\t\t\n\t\t<h3 class=\"pxl-item--title  highlight-default Muli\" data-wow-delay=\"ms\">\n\t\t\t\t\t\t<span class=\"pxl-item--text\">\n\t\t\t\t\t<span class=\"pxl-text--slide\"><span class=\"wow letter\">PROJETOS<\/span><\/span> <span class=\"pxl-text--slide\"><span class=\"wow letter\">EM<\/span><\/span> <span class=\"pxl-text--slide\"><span class=\"wow letter\">DESENVOLVIMENTO<\/span><\/span> <span class=\"pxl-text--slide\"><span class=\"wow letter\">PARA<\/span><\/span> <span class=\"pxl-text--slide\"><span class=\"wow letter\">VOCE<\/span><\/span>\t\t\t\t<\/span>\n\t\t\t\t\t\n\n\t\t\n\t\t<\/h3>\n\t\t\t<\/div>\n<\/div>\t\t\t\t<\/div>\n\t\t\t\t<\/div>\n\t\t        <section class=\"elementor-section elementor-inner-section elementor-element elementor-element-1d0381d6 elementor-section-boxed elementor-section-height-default elementor-section-height-default pxl-type-header-none pxl-bg-color-none pxl-row-scroll-none\" data-id=\"1d0381d6\" data-element_type=\"section\" data-e-type=\"section\">\n\n                \n                <div class=\"elementor-container elementor-column-gap-extended \">\n                <div class=\"elementor-column elementor-col-16 elementor-inner-column elementor-element elementor-element-5b4b9b92 pxl_section_offset-none pxl-container-width-container-1200 pxl-col-none pxl-column-none\" data-id=\"5b4b9b92\" data-element_type=\"column\" data-e-type=\"column\">\r\n        <div class=\"elementor-widget-wrap elementor-element-populated\">\r\n                     \r\n        \t\t<div class=\"elementor-element elementor-element-684c4e9a elementor-widget elementor-widget-pxl_icon_box\" data-id=\"684c4e9a\" data-element_type=\"widget\" data-e-type=\"widget\" data-widget_type=\"pxl_icon_box.default\">\n\t\t\t\t<div class=\"elementor-widget-container\">\n\t\t\t\t\t<div class=\"pxl-icon-box pxl-icon-box1 style1  \" data-wow-delay=\"ms\">\r\n    <div class=\"pxl-item--inner\">\r\n        <div class=\"wrap-icon\">\r\n                            <div class=\"pxl-item--icon\">\r\n                    <i aria-hidden=\"true\" class=\"far fa-address-card\"><\/i>                <\/div>\r\n                                <\/div>\r\n        <div class=\"pxl-item--holder\">\r\n            <div class=\"pxl-item--meta\">\r\n                                <a class=\"pxl-item--title\" href=\"https:\/\/meu.delivery\/home\/utilitarios\/#contratacao\">\r\n                    PARA CONTRATA\u00c7\u00c3O                <\/a> \r\n                <span class=\"description2\"><\/span>\r\n            <\/div>\r\n        <\/div>\r\n    <\/div>\r\n<\/div>\t\t\t\t<\/div>\n\t\t\t\t<\/div>\n\t\t            <\/div>\r\n        <\/div>\r\n                <div class=\"elementor-column elementor-col-16 elementor-inner-column elementor-element elementor-element-5ffeb22f pxl_section_offset-none pxl-container-width-container-1200 pxl-col-none pxl-column-none\" data-id=\"5ffeb22f\" data-element_type=\"column\" data-e-type=\"column\">\r\n        <div class=\"elementor-widget-wrap elementor-element-populated\">\r\n                     \r\n        \t\t<div class=\"elementor-element elementor-element-1263acc8 elementor-widget elementor-widget-pxl_icon_box\" data-id=\"1263acc8\" data-element_type=\"widget\" data-e-type=\"widget\" data-widget_type=\"pxl_icon_box.default\">\n\t\t\t\t<div class=\"elementor-widget-container\">\n\t\t\t\t\t<div class=\"pxl-icon-box pxl-icon-box1 style1  \" data-wow-delay=\"ms\">\r\n    <div class=\"pxl-item--inner\">\r\n        <div class=\"wrap-icon\">\r\n                            <div class=\"pxl-item--icon\">\r\n                    <i aria-hidden=\"true\" class=\"fas fa-home-heart\"><\/i>                <\/div>\r\n                                <\/div>\r\n        <div class=\"pxl-item--holder\">\r\n            <div class=\"pxl-item--meta\">\r\n                                <a class=\"pxl-item--title\" href=\"#\">\r\n                    COMO ESTAMOS                <\/a> \r\n                <span class=\"description2\"><\/span>\r\n            <\/div>\r\n        <\/div>\r\n    <\/div>\r\n<\/div>\t\t\t\t<\/div>\n\t\t\t\t<\/div>\n\t\t            <\/div>\r\n        <\/div>\r\n                <div class=\"elementor-column elementor-col-16 elementor-inner-column elementor-element elementor-element-7e592902 pxl_section_offset-none pxl-container-width-container-1200 pxl-col-none pxl-column-none\" data-id=\"7e592902\" data-element_type=\"column\" data-e-type=\"column\">\r\n        <div class=\"elementor-widget-wrap elementor-element-populated\">\r\n                     \r\n        \t\t<div class=\"elementor-element elementor-element-3baa6fba elementor-widget elementor-widget-pxl_icon_box\" data-id=\"3baa6fba\" data-element_type=\"widget\" data-e-type=\"widget\" data-widget_type=\"pxl_icon_box.default\">\n\t\t\t\t<div class=\"elementor-widget-container\">\n\t\t\t\t\t<div class=\"pxl-icon-box pxl-icon-box1 style1  \" data-wow-delay=\"ms\">\r\n    <div class=\"pxl-item--inner\">\r\n        <div class=\"wrap-icon\">\r\n                            <div class=\"pxl-item--icon\">\r\n                    <i aria-hidden=\"true\" class=\"fas fa-barcode-read\"><\/i>                <\/div>\r\n                                <\/div>\r\n        <div class=\"pxl-item--holder\">\r\n            <div class=\"pxl-item--meta\">\r\n                                <a class=\"pxl-item--title\" href=\"https:\/\/meu.delivery\/home\/utilitarios\/#fatura\">\r\n                    PARA PAGAMENTO                <\/a> \r\n                <span class=\"description2\"><\/span>\r\n            <\/div>\r\n        <\/div>\r\n    <\/div>\r\n<\/div>\t\t\t\t<\/div>\n\t\t\t\t<\/div>\n\t\t            <\/div>\r\n        <\/div>\r\n                <div class=\"elementor-column elementor-col-16 elementor-inner-column elementor-element elementor-element-300c6767 pxl_section_offset-none pxl-container-width-container-1200 pxl-col-none pxl-column-none\" data-id=\"300c6767\" data-element_type=\"column\" data-e-type=\"column\">\r\n        <div class=\"elementor-widget-wrap elementor-element-populated\">\r\n                     \r\n        \t\t<div class=\"elementor-element elementor-element-1e2ebf44 elementor-widget elementor-widget-pxl_icon_box\" data-id=\"1e2ebf44\" data-element_type=\"widget\" data-e-type=\"widget\" data-widget_type=\"pxl_icon_box.default\">\n\t\t\t\t<div class=\"elementor-widget-container\">\n\t\t\t\t\t<div class=\"pxl-icon-box pxl-icon-box1 style1  \" data-wow-delay=\"ms\">\r\n    <div class=\"pxl-item--inner\">\r\n        <div class=\"wrap-icon\">\r\n                            <div class=\"pxl-item--icon\">\r\n                    <i aria-hidden=\"true\" class=\"fas fa-location-arrow\"><\/i>                <\/div>\r\n                                <\/div>\r\n        <div class=\"pxl-item--holder\">\r\n            <div class=\"pxl-item--meta\">\r\n                                <a class=\"pxl-item--title\" href=\"https:\/\/meu.delivery\/home\/utilitarios\/#localiza\">\r\n                    SISTEMA DE LOCALIZA\u00c7\u00c3O                <\/a> \r\n                <span class=\"description2\"><\/span>\r\n            <\/div>\r\n        <\/div>\r\n    <\/div>\r\n<\/div>\t\t\t\t<\/div>\n\t\t\t\t<\/div>\n\t\t            <\/div>\r\n        <\/div>\r\n                <div class=\"elementor-column elementor-col-16 elementor-inner-column elementor-element elementor-element-5cdaa384 pxl_section_offset-none pxl-container-width-container-1200 pxl-col-none pxl-column-none\" data-id=\"5cdaa384\" data-element_type=\"column\" data-e-type=\"column\">\r\n        <div class=\"elementor-widget-wrap elementor-element-populated\">\r\n                     \r\n        \t\t<div class=\"elementor-element elementor-element-46dfbe2f elementor-widget elementor-widget-pxl_icon_box\" data-id=\"46dfbe2f\" data-element_type=\"widget\" data-e-type=\"widget\" data-widget_type=\"pxl_icon_box.default\">\n\t\t\t\t<div class=\"elementor-widget-container\">\n\t\t\t\t\t<div class=\"pxl-icon-box pxl-icon-box1 style1  \" data-wow-delay=\"ms\">\r\n    <div class=\"pxl-item--inner\">\r\n        <div class=\"wrap-icon\">\r\n                            <div class=\"pxl-item--icon\">\r\n                    <i aria-hidden=\"true\" class=\"fas fa-lock-alt\"><\/i>                <\/div>\r\n                                <\/div>\r\n        <div class=\"pxl-item--holder\">\r\n            <div class=\"pxl-item--meta\">\r\n                                <a class=\"pxl-item--title\" href=\"https:\/\/meu.delivery\/home\/utilitarios\/#painel\">\r\n                    ACESSO AO PAINEL                <\/a> \r\n                <span class=\"description2\"><\/span>\r\n            <\/div>\r\n        <\/div>\r\n    <\/div>\r\n<\/div>\t\t\t\t<\/div>\n\t\t\t\t<\/div>\n\t\t            <\/div>\r\n        <\/div>\r\n                <div class=\"elementor-column elementor-col-16 elementor-inner-column elementor-element elementor-element-193fedc4 pxl_section_offset-none pxl-container-width-container-1200 pxl-col-none pxl-column-none\" data-id=\"193fedc4\" data-element_type=\"column\" data-e-type=\"column\">\r\n        <div class=\"elementor-widget-wrap elementor-element-populated\">\r\n                     \r\n        \t\t<div class=\"elementor-element elementor-element-5c8d0ae5 elementor-widget elementor-widget-pxl_icon_box\" data-id=\"5c8d0ae5\" data-element_type=\"widget\" data-e-type=\"widget\" data-widget_type=\"pxl_icon_box.default\">\n\t\t\t\t<div class=\"elementor-widget-container\">\n\t\t\t\t\t<div class=\"pxl-icon-box pxl-icon-box1 style1  \" data-wow-delay=\"ms\">\r\n    <div class=\"pxl-item--inner\">\r\n        <div class=\"wrap-icon\">\r\n                            <div class=\"pxl-item--icon\">\r\n                    <i aria-hidden=\"true\" class=\"fas fa-backpack\"><\/i>                <\/div>\r\n                                <\/div>\r\n        <div class=\"pxl-item--holder\">\r\n            <div class=\"pxl-item--meta\">\r\n                                <a class=\"pxl-item--title\" href=\"#\">\r\n                    SISTEMA DE BACKUP                <\/a> \r\n                <span class=\"description2\"><\/span>\r\n            <\/div>\r\n        <\/div>\r\n    <\/div>\r\n<\/div>\t\t\t\t<\/div>\n\t\t\t\t<\/div>\n\t\t            <\/div>\r\n        <\/div>\r\n        \t\t\t<\/div>\n\t\t<\/section>\n\t\t        <section class=\"elementor-section elementor-inner-section elementor-element elementor-element-0afc850 elementor-section-boxed elementor-section-height-default elementor-section-height-default pxl-type-header-none pxl-bg-color-none pxl-row-scroll-none\" data-id=\"0afc850\" data-element_type=\"section\" data-e-type=\"section\">\n\n                \n                <div class=\"elementor-container elementor-column-gap-extended \">\n                <div class=\"elementor-column elementor-col-50 elementor-inner-column elementor-element elementor-element-562d9e0 pxl_section_offset-none pxl-container-width-container-1200 pxl-col-none pxl-column-none\" data-id=\"562d9e0\" data-element_type=\"column\" data-e-type=\"column\">\r\n        <div class=\"elementor-widget-wrap elementor-element-populated\">\r\n                     \r\n        \t\t<div class=\"elementor-element elementor-element-77231c8 elementor-widget elementor-widget-pxl_icon_box\" data-id=\"77231c8\" data-element_type=\"widget\" data-e-type=\"widget\" data-widget_type=\"pxl_icon_box.default\">\n\t\t\t\t<div class=\"elementor-widget-container\">\n\t\t\t\t\t<div class=\"pxl-icon-box pxl-icon-box1 style1  \" data-wow-delay=\"ms\">\r\n    <div class=\"pxl-item--inner\">\r\n        <div class=\"wrap-icon\">\r\n                            <div class=\"pxl-item--icon\">\r\n                    <i aria-hidden=\"true\" class=\"far fa-book-user\"><\/i>                <\/div>\r\n                                <\/div>\r\n        <div class=\"pxl-item--holder\">\r\n            <div class=\"pxl-item--meta\">\r\n                                <a class=\"pxl-item--title\" href=\"https:\/\/meu.delivery\/home\/utilitarios\/#fatura\">\r\n                    PARA PAGAMENTO                <\/a> \r\n                <span class=\"description2\"><\/span>\r\n            <\/div>\r\n        <\/div>\r\n    <\/div>\r\n<\/div>\t\t\t\t<\/div>\n\t\t\t\t<\/div>\n\t\t            <\/div>\r\n        <\/div>\r\n                <div class=\"elementor-column elementor-col-50 elementor-inner-column elementor-element elementor-element-58b8d54 pxl_section_offset-none pxl-container-width-container-1200 pxl-col-none pxl-column-none\" data-id=\"58b8d54\" data-element_type=\"column\" data-e-type=\"column\">\r\n        <div class=\"elementor-widget-wrap elementor-element-populated\">\r\n                     \r\n        \t\t<div class=\"elementor-element elementor-element-e113c11 elementor-widget elementor-widget-pxl_icon_box\" data-id=\"e113c11\" data-element_type=\"widget\" data-e-type=\"widget\" data-widget_type=\"pxl_icon_box.default\">\n\t\t\t\t<div class=\"elementor-widget-container\">\n\t\t\t\t\t<div class=\"pxl-icon-box pxl-icon-box1 style1  \" data-wow-delay=\"ms\">\r\n    <div class=\"pxl-item--inner\">\r\n        <div class=\"wrap-icon\">\r\n                            <div class=\"pxl-item--icon\">\r\n                    <i aria-hidden=\"true\" class=\"fas fa-barcode-read\"><\/i>                <\/div>\r\n                                <\/div>\r\n        <div class=\"pxl-item--holder\">\r\n            <div class=\"pxl-item--meta\">\r\n                                <a class=\"pxl-item--title\" href=\"https:\/\/meu.delivery\/home\/utilitarios\/#fatura\">\r\n                    PARA PAGAMENTO                <\/a> \r\n                <span class=\"description2\"><\/span>\r\n            <\/div>\r\n        <\/div>\r\n    <\/div>\r\n<\/div>\t\t\t\t<\/div>\n\t\t\t\t<\/div>\n\t\t            <\/div>\r\n        <\/div>\r\n        \t\t\t<\/div>\n\t\t<\/section>\n\t\t            <\/div>\r\n        <\/div>\r\n        \t\t\t<\/div>\n\t\t<\/section>\n\t\t<div class=\"elementor-element elementor-element-91ce0a4 e-flex e-con-boxed e-con e-parent \" data-id=\"91ce0a4\" data-element_type=\"container\" data-e-type=\"container\">\t\t\t<div class=\"e-con-inner\">\r\n\t\t\t\t<div class=\"elementor-element elementor-element-aff13d8 elementor-widget elementor-widget-pxl_text_editor\" data-id=\"aff13d8\" data-element_type=\"widget\" data-e-type=\"widget\" data-widget_type=\"pxl_text_editor.default\">\n\t\t\t\t<div class=\"elementor-widget-container\">\n\t\t\t\t\t<div class=\"pxl-text-editor\">\n\t<div class=\"pxl-item--inner  \" data-wow-delay=\"ms\">\n\t\t<p>Essa ar\u00e9a encontra-se em Desenvolvimento<\/p>\t\t\n\t<\/div>\n<\/div>\t\t\t\t<\/div>\n\t\t\t\t<\/div>\n\t\t\t\t\t<\/div>\r\n\t\t\t\t<\/div>\r\n\t\t\t\t<\/div>\n\t\t","protected":false},"excerpt":{"rendered":"<p>AREA EM DESENVOLVIMENTO &#8211; FIQUE DE OLHO PROJETOS EM DESENVOLVIMENTO PARA VOCE PARA CONTRATA\u00c7\u00c3O COMO ESTAMOS PARA PAGAMENTO SISTEMA DE LOCALIZA\u00c7\u00c3O ACESSO AO PAINEL SISTEMA DE BACKUP PARA PAGAMENTO PARA PAGAMENTO Essa ar\u00e9a encontra-se em Desenvolvimento<\/p>\n","protected":false},"author":1,"featured_media":0,"parent":0,"menu_order":0,"comment_status":"closed","ping_status":"closed","template":"","meta":{"footnotes":""},"class_list":["post-10000","page","type-page","status-publish","hentry"],"_links":{"self":[{"href":"https:\/\/meu.delivery\/home\/wp-json\/wp\/v2\/pages\/10000","targetHints":{"allow":["GET"]}}],"collection":[{"href":"https:\/\/meu.delivery\/home\/wp-json\/wp\/v2\/pages"}],"about":[{"href":"https:\/\/meu.delivery\/home\/wp-json\/wp\/v2\/types\/page"}],"author":[{"embeddable":true,"href":"https:\/\/meu.delivery\/home\/wp-json\/wp\/v2\/users\/1"}],"replies":[{"embeddable":true,"href":"https:\/\/meu.delivery\/home\/wp-json\/wp\/v2\/comments?post=10000"}],"version-history":[{"count":202,"href":"https:\/\/meu.delivery\/home\/wp-json\/wp\/v2\/pages\/10000\/revisions"}],"predecessor-version":[{"id":10297,"href":"https:\/\/meu.delivery\/home\/wp-json\/wp\/v2\/pages\/10000\/revisions\/10297"}],"wp:attachment":[{"href":"https:\/\/meu.delivery\/home\/wp-json\/wp\/v2\/media?parent=10000"}],"curies":[{"name":"wp","href":"https:\/\/api.w.org\/{rel}","templated":true}]}}